
Let q(p) = -p**2 - 8*p + 25. What is q(-8)?
25
Let h(a) = a**3 - 4*a**2 - 10*a - 3. Calculate h(6).
9
Let y(k) = 2*k - 6. Determine y(0).
-6
Let d(r) = -8*r - 4. Determine d(-2).
12
Let w(o) = -o**2 + 16*o + 67. What is w(19)?
10
Let b(z) = 18*z + 5. Give b(4).
77
Let a(n) = n**2 + 12*n - 15. Calculate a(-13).
-2
Let u(v) = -11*v**2. Give u(-1).
-11
Let t(b) = 5*b + 23. Give t(9).
68
Let s(y) = -7*y - 127. Determine s(-18).
-1
Let t(k) = 82*k + 571. Calculate t(-7).
-3
Let m(u) = -u**3 + 17*u**2 + 4*u - 17. Determine m(17).
51
Let f(n) = -n**3 - 9*n**2 + 15*n - 15. Determine f(-11).
62
Let r(w) = -w**2 - 9*w - 22. Calculate r(-11).
-44
Let q(y) = -3*y + 23. Determine q(-9).
50
Let g(k) = -2*k + 36. Calculate g(15).
6
Let s(f) = 8*f + 29. What is s(-4)?
-3
Let k(t) = t - 16. What is k(10)?
-6
Let m(x) = -x**2 + 15*x + 4. Determine m(13).
30
Let c(p) = 27*p - 8. What is c(-5)?
-143
Let s(o) = -6*o + 77. Determine s(3).
59
Let c(h) = h**3 - 3*h**2 - h - 8. Determine c(4).
4
Let d(n) = 8*n + 10. Determine d(-1).
2
Let l(k) = 4*k - 25. Give l(12).
23
Let m(f) = -2*f**3 - 3*f**2 - 4*f - 3. Give m(-2).
9
Let a(n) = 3*n - 20. Give a(8).
4
Let t(k) = -49*k**3 - 2*k**2 - 3*k - 2. Calculate t(-1).
48
Let p(t) = -t**3 - 5*t**2 - 7*t - 3. What is p(-4)?
9
Let c(k) = 5*k**2 - 10*k - 14. What is c(3)?
1
Let g(c) = 3*c + 13. Give g(-10).
-17
Let f(k) = -k**2 - 32*k - 244. Give f(-15).
11
Let h(u) = 14*u - 73. Determine h(5).
-3
Let v(u) = u**3 - 5*u**2 - 13*u + 5. What is v(6)?
-37
Let f(m) = -m**2 + 7*m + 8. What is f(11)?
-36
Let l(r) = r**2 + 11*r + 21. What is l(-3)?
-3
Let o(w) = 13*w**3 - 2*w**2 + 8*w + 10. Calculate o(-1).
-13
Let a(o) = o**2 - 4*o - 52. Give a(-6).
8
Let y(d) = -d**3 - 11*d**2 - 4*d - 12. Determine y(-11).
32
Let t(p) = -5*p + 21. Give t(0).
21
Let u(t) = t**2 - 9*t + 9. Calculate u(6).
-9
Let b(x) = x**2 + 6*x - 2. Determine b(-9).
25
Let p(f) = -f**3 + 22*f**2 + 75*f + 8. Determine p(25).
8
Let j(z) = 3*z - 71. Give j(23).
-2
Let k(o) = o**2 + 6*o - 10. Give k(-9).
17
Let a(z) = -5*z**2 - z. Calculate a(1).
-6
Let v(f) = 2*f**2 + 3*f - 2. Determine v(-5).
33
Let f(z) = z**3 + 7*z**2 + 7*z + 10. What is f(-7)?
-39
Let g(o) = -2*o**2 + 8*o + 5. Give g(6).
-19
Let r(o) = 3*o**3 + 12*o**2 + 3*o + 16. Determine r(-4).
4
Let a(o) = -o - 13. What is a(3)?
-16
Let g(i) = -i**3 + 24*i**2 + 24*i + 22. Calculate g(25).
-3
Let d(j) = -13*j**3 - 6*j**2 + 5. Determine d(1).
-14
Let t(v) = -v**3 - 6*v**2 + 4*v - 15. What is t(-7)?
6
Let m(i) = -83*i**3 + i + 2. What is m(-1)?
84
Let j(i) = i**3 - 6*i**2 + 5*i + 6. Give j(5).
6
Let b(s) = 15*s + 135. What is b(-10)?
-15
Let r(y) = -4*y - 69. Calculate r(-19).
7
Let d(q) = -7*q - 20. Give d(-3).
1
Let r(z) = -5*z - 17. What is r(8)?
-57
Let x(b) = b**3 - 2*b**2 - 35*b + 11. Determine x(-5).
11
Let b(c) = 2*c**2 + 12*c + 10. What is b(-8)?
42
Let x(u) = -u**3 + 9*u**2 + 13. Determine x(9).
13
Let w(v) = -40*v - 1600. Give w(-40).
0
Let q(i) = -3*i + 152. What is q(55)?
-13
Let k(l) = l**2 + l - 42. Calculate k(-6).
-12
Let l(a) = -a**2 - 31*a - 194. What is l(-9)?
4
Let b(a) = -a**3 + 12*a**2 + 11*a - 10. Calculate b(13).
-36
Let o(k) = 9*k**2 - k - 1. What is o(-2)?
37
Let y(q) = 7*q + 7. Calculate y(-7).
-42
Let o(v) = v + 6. Calculate o(-12).
-6
Let p(h) = -2*h + 7. What is p(1)?
5
Let o(r) = r**3 - 22*r**2 + 57*r + 16. Calculate o(19).
16
Let x(u) = -u**2 - 7*u - 12. Determine x(-11).
-56
Let z(q) = -4*q + 10. What is z(-8)?
42
Let j(i) = 5*i + 4. Give j(-5).
-21
Let t(k) = k**2 - 21*k - 8. Give t(6).
-98
Let z(d) = -d**2 + 2*d + 3. Determine z(3).
0
Let x(m) = -m**2 - 4*m - 5. Give x(-2).
-1
Let i(z) = z**3 + 6*z**2 - 9. Give i(-7).
-58
Let w(n) = 2*n - 1. Give w(7).
13
Let k(c) = -c**3 + 3*c**2 + 3*c - 3. Give k(4).
-7
Let f(p) = -2*p**2 + 29*p - 11. Calculate f(14).
3
Let c(s) = s**3 - 4*s**2 - 13*s + 4. Determine c(6).
-2
Let q(k) = -3*k - 80. Give q(-19).
-23
Let y(k) = -k**2 - 9*k - 51. Calculate y(0).
-51
Let i(k) = -k**3 + 9*k**2 - 9*k - 4. Calculate i(7).
31
Let k(a) = a**3 - 18*a**2 - 23*a - 5. Calculate k(19).
-81
Let t(m) = -m**3 + 22*m**2 + 22*m + 25. What is t(23)?
2
Let u(i) = -4*i**2 + 2*i + 1. Determine u(2).
-11
Let s(z) = -2*z**2 - 3*z + 6. Determine s(-6).
-48
Let u(v) = 6*v + 2. Calculate u(-1).
-4
Let l(m) = -m**2 - 4*m + 22. What is l(-8)?
-10
Let b(v) = -4*v + 31. Determine b(7).
3
Let n(g) = -2*g**3 + 6*g**2 + 5*g + 6. Give n(5).
-69
Let v(q) = -3*q - 13. Give v(-5).
2
Let w(o) = -o**2 + 5*o + 4. Determine w(-4).
-32
Let r(t) = -21*t - 5. What is r(-3)?
58
Let r(z) = -z**2 + 33*z - 190. Determine r(25).
10
Let f(m) = -m**3 + 8*m**2 + 10*m + 9. Determine f(9).
18
Let r(d) = -30*d + 10. Calculate r(4).
-110
Let w(a) = -32*a + 120. Calculate w(4).
-8
Let a(c) = c - 4. What is a(-3)?
-7
Let h(r) = 3*r - 23. What is h(7)?
-2
Let m(n) = n**3 + 9*n**2 + 7*n - 10. Give m(-8).
-2
Let d(n) = -n**3 - 22*n**2 - 21*n - 18. Determine d(-21).
-18
Let w(u) = u**2 + 3*u + 1. Calculate w(-5).
11
Let w(z) = -10*z**2 + 15*z - 16. Give w(1).
-11
Let k(g) = 30*g + 29. What is k(-1)?
-1
Let f(k) = -k**3 - 5*k**2 + 5. What is f(-3)?
-13
Let t(y) = -y**3 + 24*y**2 - 25*y + 34. Give t(23).
-12
Let l(a) = -10*a + 36. Calculate l(5).
-14
Let l(s) = -19*s - 108. What is l(-6)?
6
Let n(h) = h**3 + 42*h**2 + 42*h + 78. Determine n(-41).
37
Let k(t) = -t**2 - 2*t + 8. Give k(-6).
-16
Let p(w) = -2*w**2 - 24*w + 76. Determine p(-14).
20
Let o(t) = -t**3 + 3*t**2 + 14*t - 44. Give o(4).
-4
Let u(v) = -5*v**3 - 3*v**2 + 3. Give u(-2).
31
Let i(j) = -2*j - 30. What is i(0)?
-30
Let n(t) = 8*t + 5. Determine n(3).
29
Let z(v) = 42*v + 87. What is z(-2)?
3
Let z(y) = y**3 - 17*y**2 + 25*y - 132. Give z(16).
12
Let y(i) = i**3 - 9*i**2 + 2*i - 16. What is y(9)?
2
Let f(i) = i**2 - 2*i - 26. Determine f(8).
22
Let i(k) = 12*k + 20. Give i(-3).
-16
Let z(o) = -o**2 + 12*o - 7. What is z(9)?
20
Let p(h) = h**3 + 2*h + 7. Calculate p(-3).
-26
Let h(k) = -10*k + 4. Determine h(-7).
74
Let t(u) = 5*u - 78. What is t(21)?
27
Let t(b) = -2*b + 82. Give t(36).
10
Let j(m) = m**3 - 6*m**2 + 2*m + 4. Give j(4).
-20
Let n(a) = -8*a**3 + 3*a**2 + 4*a + 1. Give n(-1).
8
Let m(z) = -z - 2. What is m(-11)?
9
Let n(d) = d**2 - 76*d + 217. What is n(3)?
-2
Let n(h) = -h**2 + 2*h + 3. Determine n(0).
3
Let b(x) = -x**2 + 9*x + 49. Calculate b(10).
39
Let m(y) = -y**3 + 2*y**2 + 3. Determine m(5).
-72
Let t(x) = -3*x**2 + 69*x + 95. What is t(24)?
23
Let o(l) = l**2 + 4*l + 2. Determine o(-3).
-1
Let f(d) = -d**3 - 7*d**2 - 5*d + 12. What is f(-6)?
6
Let r(b) = b**3 + 12*b**2 - 13*b + 9. Calculate r(-13).
9
Let c(q) = q**3 + 12*q**2 + 10*q + 3. What is c(-11)?
14
Let k(g) = g**3 + g**2 - 42*g + 6. Determine k(6).
6
Let h(i) = 6*i - 21. What is h(7)?
21
Let w(r) = -r**3 - 11*r**2 + 8*r - 14. Determine w(-12).
34
Let s(j) = -j**3 - 14*j**2 + 20. Calculate s(-14).
20
Let k(u) = 3*u**2 - 39*u + 6. Give k(13).
6
Let w(c) = -c**3 - 8*c**2 - 5*c - 3. Give w(-7).
-17
Let f(s) = -4*s + 10. What is f(4)?
-6
Let g(i) = -i**2 + 22*i + 30. Determine g(24).
-18
Let f(x) = 2*x - 13. What is f(6)?
-1
Let l(b) = -2*b**2 + 3*b - 2. Calculate l(-1).
-7
Let i(z) = -98*z**3 - z**2 - 2*z + 3. Determine i(1).
-98
Let k(f) = -f**3 - 9*f**2 + 11*f + 7. Determine k(-10).
-3
Let j(b) = 4*b - 18. What is j(-12)?
-66
Let s(f) = -f**3 - 7*f**2 - 5*f + 13. Give s(-6).
7
Let g(v) = v**3 + 4*v**2 - 6*v + 3. Determine g(-5).
8
Let j(o) = 23*o + 1. Determine j(4).
93
Let d(i) = -i + 6. What is d(4)?
2
Let a(x) = -x - 57. Give a(-15).
-42
Let f(p) = -p**2 + 10*p + 5. What is f(10)?
5
Let v(y) = 2*y**2 + 11*y - 1. What is v(-5)?
-6
Let x(a) = 5*a**3 + 4*a**2 - 5*a + 3. Calculate x(-3).
-81
Let y(w) = w**3 - 7*w**2 - 20*w + 10. What is y(9)?
-8
Let d(u) = u**3 - 4. What is d(-3)?
-31
Let j(z) = -z**2 + 5*z + 7. Calculate j(-2).
-7
Let x(m) = 25*m**3 + m**2 - m + 1. Give x(1).
26
Let c(v) = 44*v + 551. Determine c(-13).
-21
Let o(b) = 13*b**3 + 4*b**2 + 4*b + 2. Calculate o(-2).
-94
Let c(d) = 19*d + 57. Calculate c(-8).
-95
Let s(h) = 4*h**2 + 36*h - 4. What is s(-9)?
-4
Let r(v) = v - 17. Give r(14).
-3
Let m(z) = -z**3 + 10*z**2 - 25*z + 18. Determine m(8).
-54
Let f(z) = 41*z - 5. Determine f(-1).
-46
Let t(u) = -u**2 + 4*u + 30. Calculate t(-3).
9
Let p(l) 